{"id":1205,"date":"2024-08-21T00:38:51","date_gmt":"2024-08-20T22:38:51","guid":{"rendered":"https:\/\/molojo.eu\/?post_type=product&#038;p=1205"},"modified":"2025-12-13T21:37:05","modified_gmt":"2025-12-13T20:37:05","slug":"skakanka-molojo-speed-rope-r1","status":"publish","type":"product","link":"https:\/\/molojo.eu\/index.php\/product\/skakanka-molojo-speed-rope-r1\/","title":{"rendered":"Skakanka Molojo Speed Rope R1"},"content":{"rendered":"<p data-sourcepos=\"3:1-3:74\"><strong>Skakanka Molojo Speed Rope R1 \u2013 Wy\u015bmienita szybko\u015b\u0107, niesamowita lekko\u015b\u0107!<\/strong><\/p>\n<p data-sourcepos=\"5:1-5:268\">Nasza skakanka aluminiowa Molojo zosta\u0142a zaprojektowana dla os\u00f3b, kt\u00f3re chc\u0105 podnie\u015b\u0107 swoje umiej\u0119tno\u015bci skakania na zupe\u0142nie nowy poziom. Wykonana z najwy\u017cszej jako\u015bci aluminium, jest niezwykle lekka i szybka, idealna do wykonywania podw\u00f3jnych i skrzy\u017cowanych skok\u00f3w.<\/p>\n<p data-sourcepos=\"7:1-7:29\"><strong>Dlaczego warto j\u0105 wybra\u0107?<\/strong><\/p>\n<ul data-sourcepos=\"9:1-14:0\">\n<li data-sourcepos=\"9:1-9:125\"><strong>Lekka jak pi\u00f3rko:<\/strong> Dzi\u0119ki aluminiowej konstrukcji, skakanka jest wyj\u0105tkowo lekka, co pozwala na szybkie i p\u0142ynne obroty.<\/li>\n<li data-sourcepos=\"10:1-10:89\"><strong>Szybka jak b\u0142yskawica:<\/strong> Idealna dla tych, kt\u00f3rzy chc\u0105 zwi\u0119kszy\u0107 pr\u0119dko\u015b\u0107 swoich n\u00f3g.<\/li>\n<li data-sourcepos=\"11:1-11:89\"><strong>Wytrzyma\u0142a:<\/strong> Zbudowana, aby s\u0142u\u017cy\u0107 przez lata, nawet podczas intensywnych trening\u00f3w.<\/li>\n<li data-sourcepos=\"12:1-12:90\"><strong>Wielofunkcyjna:<\/strong> Doskona\u0142a zar\u00f3wno dla pocz\u0105tkuj\u0105cych, jak i zaawansowanych skoczk\u00f3w.<\/li>\n<li data-sourcepos=\"13:1-14:0\"><strong>Ergonomiczne uchwyty:<\/strong> Zapewniaj\u0105 wygodny i pewny chwyt, redukuj\u0105c zm\u0119czenie d\u0142oni.<\/li>\n<\/ul>\n<p data-sourcepos=\"15:1-15:13\"><strong>Korzy\u015bci:<\/strong><\/p>\n<ul data-sourcepos=\"17:1-21:0\">\n<li data-sourcepos=\"17:1-17:116\"><strong>Poprawa koordynacji:<\/strong> Skakanka wymaga doskona\u0142ej koordynacji r\u0105k i n\u00f3g, co zwi\u0119kszy Twoj\u0105 zwinno\u015b\u0107 i r\u00f3wnowag\u0119.<\/li>\n<li data-sourcepos=\"18:1-18:99\"><strong>Zwi\u0119kszenie wytrzyma\u0142o\u015bci:<\/strong> Skakanka to \u015bwietny spos\u00f3b na spalanie kalorii i popraw\u0119 kondycji.<\/li>\n<li data-sourcepos=\"19:1-19:103\"><strong>Wzmocnienie mi\u0119\u015bni:<\/strong> Trening ze skakank\u0105 anga\u017cuje wiele grup mi\u0119\u015bniowych, zw\u0142aszcza n\u00f3g i brzucha.<\/li>\n<li data-sourcepos=\"20:1-21:0\"><strong>Zabawa:<\/strong> Skakanka to nie tylko trening, ale tak\u017ce \u015bwietna zabawa!<\/li>\n<\/ul>\n<p data-sourcepos=\"22:1-22:42\"><strong>Molojo \u2013 dla tych, kt\u00f3rzy chc\u0105 wi\u0119cej!<\/strong><\/p>\n<p data-sourcepos=\"24:1-24:145\">W Molojo tworzymy produkty, kt\u00f3re pomagaj\u0105 Ci osi\u0105gn\u0105\u0107 Twoje cele fitness. Nasza skakanka aluminiowa to efekt wieloletnich bada\u0144 i do\u015bwiadczenia.<\/p>\n<p data-sourcepos=\"26:1-26:40\"><strong>Nie czekaj, zacznij skaka\u0107 ju\u017c dzi\u015b!<\/strong><\/p>\n","protected":false},"excerpt":{"rendered":"<p>Skakanka Molojo Speed Rope R1 \u2013 Wy\u015bmienita szybko\u015b\u0107, niesamowita lekko\u015b\u0107! Nasza skakanka aluminiowa Molojo zosta\u0142a zaprojektowana dla os\u00f3b, kt\u00f3re chc\u0105 [&hellip;]<\/p>\n","protected":false},"featured_media":1583,"comment_status":"open","ping_status":"closed","template":"","meta":{"_uag_custom_page_level_css":"","site-sidebar-layout":"default","site-content-layout":"","ast-site-content-layout":"default","site-content-style":"default","site-sidebar-style":"default","ast-global-header-display":"","ast-banner-title-visibility":"","ast-main-header-display":"","ast-hfb-above-header-display":"","ast-hfb-below-header-display":"","ast-hfb-mobile-header-display":"","site-post-title":"","ast-breadcrumbs-content":"","ast-featured-img":"","footer-sml-layout":"","theme-transparent-header-meta":"default","adv-header-id-meta":"","stick-header-meta":"","header-above-stick-meta":"","header-main-stick-meta":"","header-below-stick-meta":"","astra-migrate-meta-layouts":"set","ast-page-background-enabled":"default","ast-page-background-meta":{"desktop":{"background-color":"var(--ast-global-color-4)","background-image":"","background-repeat":"repeat","background-position":"center center","background-size":"auto","background-attachment":"scroll","background-type":"","background-media":"","overlay-type":"","overlay-color":"","overlay-opacity":"","overlay-gradient":""},"tablet":{"background-color":"","background-image":"","background-repeat":"repeat","background-position":"center center","background-size":"auto","background-attachment":"scroll","background-type":"","background-media":"","overlay-type":"","overlay-color":"","overlay-opacity":"","overlay-gradient":""},"mobile":{"background-color":"","background-image":"","background-repeat":"repeat","background-position":"center center","background-size":"auto","background-attachment":"scroll","background-type":"","background-media":"","overlay-type":"","overlay-color":"","overlay-opacity":"","overlay-gradient":""}},"ast-content-background-meta":{"desktop":{"background-color":"var(--ast-global-color-5)","background-image":"","background-repeat":"repeat","background-position":"center center","background-size":"auto","background-attachment":"scroll","background-type":"","background-media":"","overlay-type":"","overlay-color":"","overlay-opacity":"","overlay-gradient":""},"tablet":{"background-color":"var(--ast-global-color-5)","background-image":"","background-repeat":"repeat","background-position":"center center","background-size":"auto","background-attachment":"scroll","background-type":"","background-media":"","overlay-type":"","overlay-color":"","overlay-opacity":"","overlay-gradient":""},"mobile":{"background-color":"var(--ast-global-color-5)","background-image":"","background-repeat":"repeat","background-position":"center center","background-size":"auto","background-attachment":"scroll","background-type":"","background-media":"","overlay-type":"","overlay-color":"","overlay-opacity":"","overlay-gradient":""}}},"product_brand":[],"product_cat":[80],"product_tag":[],"class_list":{"0":"post-1205","1":"product","2":"type-product","3":"status-publish","4":"has-post-thumbnail","6":"product_cat-skakanki-sportowe","7":"desktop-align-left","8":"tablet-align-left","9":"mobile-align-left","11":"first","12":"instock","13":"sale","14":"featured","15":"taxable","16":"shipping-taxable","17":"purchasable","18":"product-type-variable"},"uagb_featured_image_src":{"full":["https:\/\/molojo.eu\/wp-content\/uploads\/2024\/08\/IMG_2665-Copy.jpg",1159,1158,false],"thumbnail":["https:\/\/molojo.eu\/wp-content\/uploads\/2024\/08\/IMG_2665-Copy-150x150.jpg",150,150,true],"medium":["https:\/\/molojo.eu\/wp-content\/uploads\/2024\/08\/IMG_2665-Copy-300x300.jpg",300,300,true],"medium_large":["https:\/\/molojo.eu\/wp-content\/uploads\/2024\/08\/IMG_2665-Copy-768x767.jpg",768,767,true],"large":["https:\/\/molojo.eu\/wp-content\/uploads\/2024\/08\/IMG_2665-Copy-1024x1024.jpg",1024,1024,true],"1536x1536":["https:\/\/molojo.eu\/wp-content\/uploads\/2024\/08\/IMG_2665-Copy.jpg",1159,1158,false],"2048x2048":["https:\/\/molojo.eu\/wp-content\/uploads\/2024\/08\/IMG_2665-Copy.jpg",1159,1158,false],"woocommerce_thumbnail":["https:\/\/molojo.eu\/wp-content\/uploads\/2024\/08\/IMG_2665-Copy-300x300.jpg",300,300,true],"woocommerce_single":["https:\/\/molojo.eu\/wp-content\/uploads\/2024\/08\/IMG_2665-Copy-600x599.jpg",600,599,true],"woocommerce_gallery_thumbnail":["https:\/\/molojo.eu\/wp-content\/uploads\/2024\/08\/IMG_2665-Copy-100x100.jpg",100,100,true],"dgwt-wcas-product-suggestion":["https:\/\/molojo.eu\/wp-content\/uploads\/2024\/08\/IMG_2665-Copy-64x64.jpg",64,64,true]},"uagb_author_info":{"display_name":"betzenuhya","author_link":"https:\/\/molojo.eu\/index.php\/author\/"},"uagb_comment_info":7,"uagb_excerpt":"Skakanka Molojo Speed Rope R1 \u2013 Wy\u015bmienita szybko\u015b\u0107, niesamowita lekko\u015b\u0107! Nasza skakanka aluminiowa Molojo zosta\u0142a zaprojektowana dla os\u00f3b, kt\u00f3re chc\u0105 [&hellip;]","jetpack_sharing_enabled":true,"_links":{"self":[{"href":"https:\/\/molojo.eu\/index.php\/wp-json\/wp\/v2\/product\/1205","targetHints":{"allow":["GET"]}}],"collection":[{"href":"https:\/\/molojo.eu\/index.php\/wp-json\/wp\/v2\/product"}],"about":[{"href":"https:\/\/molojo.eu\/index.php\/wp-json\/wp\/v2\/types\/product"}],"replies":[{"embeddable":true,"href":"https:\/\/molojo.eu\/index.php\/wp-json\/wp\/v2\/comments?post=1205"}],"wp:featuredmedia":[{"embeddable":true,"href":"https:\/\/molojo.eu\/index.php\/wp-json\/wp\/v2\/media\/1583"}],"wp:attachment":[{"href":"https:\/\/molojo.eu\/index.php\/wp-json\/wp\/v2\/media?parent=1205"}],"wp:term":[{"taxonomy":"product_brand","embeddable":true,"href":"https:\/\/molojo.eu\/index.php\/wp-json\/wp\/v2\/product_brand?post=1205"},{"taxonomy":"product_cat","embeddable":true,"href":"https:\/\/molojo.eu\/index.php\/wp-json\/wp\/v2\/product_cat?post=1205"},{"taxonomy":"product_tag","embeddable":true,"href":"https:\/\/molojo.eu\/index.php\/wp-json\/wp\/v2\/product_tag?post=1205"}],"curies":[{"name":"wp","href":"https:\/\/api.w.org\/{rel}","templated":true}]}}