{"id":3,"date":"2023-11-29T15:38:03","date_gmt":"2023-11-29T14:38:03","guid":{"rendered":"https:\/\/molojo.eu\/?page_id=3"},"modified":"2025-11-30T20:51:06","modified_gmt":"2025-11-30T19:51:06","slug":"polityka-prywatnosci","status":"publish","type":"page","link":"https:\/\/molojo.eu\/index.php\/polityka-prywatnosci\/","title":{"rendered":"Polityka prywatno\u015bci"},"content":{"rendered":"\n<h2 class=\"wp-block-heading\">O nas<\/h2>\n\n\n\n<p>Adres naszej strony internetowej to: https:\/\/molojo.eu.<\/p>\n\n\n\n<p class=\"has-medium-font-size\"><strong>Administrator Danych:<\/strong><\/p>\n\n\n\n<p>Administratorem danych osobowych Klient\u00f3w jest firma\u00a0<strong>MOLOJO Azuquahe Ramirez Cordero<\/strong>\u00a0z siedzib\u0105 pod adresem:\u00a0<strong>ul. Sienkiewicza 30\/2, 59-230 Prochowice<\/strong>, NIP:\u00a0<strong>6912540249<\/strong>. Kontakt z Administratorem mo\u017cliwy jest pod adresem e-mail:\u00a0<strong>info@molojo.eu<\/strong>.<\/p>\n\n\n\n<p class=\"has-medium-font-size\"><strong>Zakres, cel i czas przetwarzania:<\/strong><\/p>\n\n\n\n<p>Administrator przetwarza dane osobowe w zakresie niezb\u0119dnym do realizacji zam\u00f3wienia (m.in.: imi\u0119 i nazwisko, adres zamieszkania, adres dostawy, numer telefonu, adres e-mail, a w przypadku firm numer NIP).<\/p>\n\n\n\n<p>Dane przetwarzane s\u0105 w celu:<\/p>\n\n\n\n<ol start=\"1\" class=\"wp-block-list\">\n<li>zawarcia i wykonania umowy sprzeda\u017cy (przez czas trwania umowy i rozlicze\u0144 z ni\u0105 zwi\u0105zanych);<\/li>\n\n\n\n<li>realizacji obowi\u0105zk\u00f3w prawnych ci\u0105\u017c\u0105cych na Administratorze, np. wystawiania faktur i przechowywania dokumentacji ksi\u0119gowej (przez okres 5 lat od ko\u0144ca roku podatkowego).<\/li>\n<\/ol>\n\n\n\n<p class=\"has-medium-font-size\"><strong>Prawa Klienta:<\/strong><\/p>\n\n\n\n<p>Ka\u017cda osoba, kt\u00f3rej dane dotycz\u0105, ma prawo do:<\/p>\n\n\n\n<ol start=\"1\" class=\"wp-block-list\">\n<li>dost\u0119pu do tre\u015bci swoich danych, otrzymania ich kopii,<\/li>\n\n\n\n<li>ich sprostowania (poprawiania), usuni\u0119cia lub ograniczenia przetwarzania,<\/li>\n\n\n\n<li>przenoszenia danych,<\/li>\n\n\n\n<li>wniesienia sprzeciwu wobec przetwarzania.<\/li>\n<\/ol>\n\n\n\n<p>Wnioski w zakresie realizacji powy\u017cszych praw mo\u017cna sk\u0142ada\u0107&nbsp;<strong>w formie elektronicznej<\/strong>&nbsp;na adres e-mail:&nbsp;<strong>info@molojo.eu<\/strong>.<\/p>\n\n\n\n<p>Ponadto Klient ma prawo wniesienia skargi do organu nadzorczego \u2013&nbsp;<strong>Prezesa Urz\u0119du Ochrony Danych Osobowych (PUODO)<\/strong>&nbsp;(ul. Stawki 2, 00-193 Warszawa), je\u017celi s\u0105dzi, \u017ce przetwarzanie danych narusza przepisy RODO.\u201d<sup><\/sup><sup><\/sup><\/p>\n\n\n\n<p class=\"has-medium-font-size\"><strong>Profilowanie:<\/strong><\/p>\n\n\n\n<p>W ramach Sklepu Internetowego mo\u017cemy przetwarza\u0107 dane osobowe w spos\u00f3b zautomatyzowany (w tym w formie profilowania), jednak nie b\u0119dzie to wywo\u0142ywa\u0107 wobec Klienta \u017cadnych skutk\u00f3w prawnych ani w podobny spos\u00f3b istotnie wp\u0142ywa\u0107 na jego sytuacj\u0119.<\/p>\n\n\n\n<p><strong>Efektem profilowania<\/strong>\u00a0mo\u017ce by\u0107 np. przyznanie indywidualnego rabatu, przes\u0142anie propozycji produktu, kt\u00f3ry mo\u017ce odpowiada\u0107 zainteresowaniom Klienta, lub przypomnienie o niedoko\u0144czonych zakupach. Klient podaje swoje dane dobrowolnie.<\/p>\n\n\n\n<h2 class=\"wp-block-heading has-medium-font-size\">Komentarze w sieci<strong>:<\/strong><\/h2>\n\n\n\n<p>Kiedy odwiedzaj\u0105cy witryn\u0119 zostawia komentarz, zbieramy dane widoczne w formularzu komentowania, a tak\u017ce adres IP odwiedzaj\u0105cego i podpis jego przegl\u0105darki, aby pom\u00f3c w wykrywaniu spamu.<\/p>\n\n\n\n<h2 class=\"wp-block-heading has-medium-font-size\">Multimedia<strong>:<\/strong><\/h2>\n\n\n\n<p>Je\u015bli przesy\u0142asz zdj\u0119cia na stron\u0119 internetow\u0105, powiniene\u015b unika\u0107 przesy\u0142ania zdj\u0119\u0107 zawieraj\u0105cych dane o lokalizacji (EXIF GPS). Odwiedzaj\u0105cy witryn\u0119 internetow\u0105 mog\u0105 pobiera\u0107 i wyodr\u0119bnia\u0107 dowolne dane o lokalizacji z obraz\u00f3w znajduj\u0105cych si\u0119 na stronie internetowej.<\/p>\n\n\n\n<h2 class=\"wp-block-heading has-medium-font-size\">Cookies<strong>:<\/strong><\/h2>\n\n\n\n<p>Je\u015bli zostawisz komentarz na naszej stronie, mo\u017cesz zapisa\u0107 swoje imi\u0119 i nazwisko, adres e-mail i adres strony internetowej w plikach cookie. Ma to na celu Twoj\u0105 wygod\u0119, aby\u015b nie musia\u0142 ponownie wpisywa\u0107 swoich danych, gdy dodasz kolejny komentarz. Te pliki cookie b\u0119d\u0105 wa\u017cne przez rok.<\/p>\n\n\n\n<p>Je\u015bli masz konto i zalogujesz si\u0119 na tej stronie, utworzymy tymczasowe ciasteczko na potrzeby sprawdzenia, czy Twoja przegl\u0105darka akceptuje ciasteczka. Ten plik cookie nie zawiera danych osobowych i jest usuwany po zamkni\u0119ciu przegl\u0105darki.<\/p>\n\n\n\n<p>Kiedy si\u0119 zalogujesz, utworzymy r\u00f3wnie\u017c kilka plik\u00f3w cookie, aby zapisa\u0107 Twoje dane logowania i opcje wy\u015bwietlania ekranu. Pliki cookie dost\u0119pu trwaj\u0105 dwa dni, a pliki cookie opcji ekranu \u2013 jeden rok. Je\u015bli wybierzesz opcj\u0119 \u201eZapami\u0119taj mnie\u201d, Tw\u00f3j dost\u0119p b\u0119dzie wa\u017cny przez dwa tygodnie. Je\u015bli wylogujesz si\u0119 ze swojego konta, pliki cookie logowania zostan\u0105 usuni\u0119te.<\/p>\n\n\n\n<p>Je\u015bli zmodyfikujesz lub opublikujesz artyku\u0142, w Twojej przegl\u0105darce zostanie zapisane dodatkowe ciasteczko. Ten plik cookie nie zawiera danych osobowych i po prostu wskazuje identyfikator w\u0142a\u015bnie edytowanego artyku\u0142u. Wygasa po 1 dniu.<\/p>\n\n\n\n<h2 class=\"wp-block-heading has-medium-font-size\">Osadzone tre\u015bci z innych stron internetowych<strong>:<\/strong><\/h2>\n\n\n\n<p>Artyku\u0142y w tej witrynie mog\u0105 zawiera\u0107 osadzone tre\u015bci (np. filmy, obrazy, artyku\u0142y itp.). Osadzone tre\u015bci z innych witryn zachowuj\u0105 si\u0119 dok\u0142adnie tak samo, jakby odwiedzaj\u0105cy odwiedzi\u0142 inn\u0105 witryn\u0119.<\/p>\n\n\n\n<p>Strony te mog\u0105 gromadzi\u0107 dane o Tobie, wykorzystywa\u0107 pliki cookie, osadza\u0107 dodatkowe \u015bledzenie stron trzecich i monitorowa\u0107 Twoj\u0105 interakcj\u0119 z osadzon\u0105 tre\u015bci\u0105, w tym \u015bledzenie Twojej interakcji z osadzon\u0105 tre\u015bci\u0105, je\u015bli masz konto i jeste\u015b zalogowany w tej witrynie.<\/p>\n\n\n\n<h2 class=\"wp-block-heading has-medium-font-size\">Komu udost\u0119pniamy Twoje dane<strong>:<\/strong><\/h2>\n\n\n\n<p>Je\u015bli poprosisz o zresetowanie has\u0142a, Tw\u00f3j adres IP zostanie zawarty w wiadomo\u015bci e-mail dotycz\u0105cej resetowania.<\/p>\n\n\n\n<h2 class=\"wp-block-heading has-medium-font-size\">Jak d\u0142ugo przechowujemy Twoje dane<strong>:<\/strong><\/h2>\n\n\n\n<p>Je\u015bli zostawisz komentarz, komentarz i jego metadane b\u0119d\u0105 przechowywane przez czas nieokre\u015blony. Dzi\u0119ki temu mo\u017cemy automatycznie rozpoznawa\u0107 i zatwierdza\u0107 kolejne komentarze, zamiast umieszcza\u0107 je w kolejce moderacji.<\/p>\n\n\n\n<p>W przypadku u\u017cytkownik\u00f3w, kt\u00f3rzy zarejestruj\u0105 si\u0119 na naszej stronie internetowej (je\u015bli istniej\u0105), przechowujemy r\u00f3wnie\u017c dane osobowe, kt\u00f3re podaj\u0105 w swoim profilu u\u017cytkownika. Wszyscy u\u017cytkownicy mog\u0105 w dowolnym momencie przegl\u0105da\u0107, edytowa\u0107 lub usuwa\u0107 swoje dane osobowe (z wyj\u0105tkiem tego, \u017ce nie mog\u0105 zmieni\u0107 swojej nazwy u\u017cytkownika). Administratorzy sieci mog\u0105 r\u00f3wnie\u017c przegl\u0105da\u0107 i edytowa\u0107 te informacje.<\/p>\n\n\n\n<h2 class=\"wp-block-heading has-medium-font-size\">Jakie masz prawa do swoich danych<strong>:<\/strong><\/h2>\n\n\n\n<p>Je\u015bli masz konto lub zostawi\u0142e\u015b komentarze na tej stronie, mo\u017cesz poprosi\u0107 o otrzymanie pliku eksportu danych osobowych, kt\u00f3re posiadamy na Tw\u00f3j temat, w tym wszelkich danych, kt\u00f3re nam przekaza\u0142e\u015b. Mo\u017cesz r\u00f3wnie\u017c za\u017c\u0105da\u0107, aby\u015bmy usun\u0119li wszelkie dane osobowe, kt\u00f3re posiadamy na Tw\u00f3j temat. Nie obejmuje to \u017cadnych danych, kt\u00f3re jeste\u015bmy zobowi\u0105zani przechowywa\u0107 ze wzgl\u0119d\u00f3w administracyjnych, prawnych lub bezpiecze\u0144stwa.<\/p>\n\n\n\n<h2 class=\"wp-block-heading has-medium-font-size\">Gdzie przesy\u0142ane s\u0105 Twoje dane<strong>:<\/strong><\/h2>\n\n\n\n<p>Komentarze go\u015bci mog\u0105 zosta\u0107 sprawdzone przez us\u0142ug\u0119 automatycznego wykrywania spamu.<\/p>\n","protected":false},"excerpt":{"rendered":"<p>O nas Adres naszej strony internetowej to: https:\/\/molojo.eu. Administrator Danych: Administratorem danych osobowych Klient\u00f3w jest firma\u00a0MOLOJO Azuquahe Ramirez Cordero\u00a0z siedzib\u0105 [&hellip;]<\/p>\n","protected":false},"author":1,"featured_media":0,"parent":0,"menu_order":0,"comment_status":"closed","ping_status":"closed","template":"","meta":{"_uag_custom_page_level_css":"","site-sidebar-layout":"default","site-content-layout":"","ast-site-content-layout":"default","site-content-style":"default","site-sidebar-style":"default","ast-global-header-display":"","ast-banner-title-visibility":"","ast-main-header-display":"","ast-hfb-above-header-display":"","ast-hfb-below-header-display":"","ast-hfb-mobile-header-display":"","site-post-title":"","ast-breadcrumbs-content":"","ast-featured-img":"","footer-sml-layout":"","theme-transparent-header-meta":"","adv-header-id-meta":"","stick-header-meta":"","header-above-stick-meta":"","header-main-stick-meta":"","header-below-stick-meta":"","astra-migrate-meta-layouts":"default","ast-page-background-enabled":"default","ast-page-background-meta":{"desktop":{"background-color":"var(--ast-global-color-4)","background-image":"","background-repeat":"repeat","background-position":"center center","background-size":"auto","background-attachment":"scroll","background-type":"","background-media":"","overlay-type":"","overlay-color":"","overlay-opacity":"","overlay-gradient":""},"tablet":{"background-color":"","background-image":"","background-repeat":"repeat","background-position":"center center","background-size":"auto","background-attachment":"scroll","background-type":"","background-media":"","overlay-type":"","overlay-color":"","overlay-opacity":"","overlay-gradient":""},"mobile":{"background-color":"","background-image":"","background-repeat":"repeat","background-position":"center center","background-size":"auto","background-attachment":"scroll","background-type":"","background-media":"","overlay-type":"","overlay-color":"","overlay-opacity":"","overlay-gradient":""}},"ast-content-background-meta":{"desktop":{"background-color":"var(--ast-global-color-5)","background-image":"","background-repeat":"repeat","background-position":"center center","background-size":"auto","background-attachment":"scroll","background-type":"","background-media":"","overlay-type":"","overlay-color":"","overlay-opacity":"","overlay-gradient":""},"tablet":{"background-color":"var(--ast-global-color-5)","background-image":"","background-repeat":"repeat","background-position":"center center","background-size":"auto","background-attachment":"scroll","background-type":"","background-media":"","overlay-type":"","overlay-color":"","overlay-opacity":"","overlay-gradient":""},"mobile":{"background-color":"var(--ast-global-color-5)","background-image":"","background-repeat":"repeat","background-position":"center center","background-size":"auto","background-attachment":"scroll","background-type":"","background-media":"","overlay-type":"","overlay-color":"","overlay-opacity":"","overlay-gradient":""}},"footnotes":""},"class_list":["post-3","page","type-page","status-publish","hentry"],"uagb_featured_image_src":{"full":false,"thumbnail":false,"medium":false,"medium_large":false,"large":false,"1536x1536":false,"2048x2048":false,"woocommerce_thumbnail":false,"woocommerce_single":false,"woocommerce_gallery_thumbnail":false,"dgwt-wcas-product-suggestion":false},"uagb_author_info":{"display_name":"betzenuhya","author_link":"https:\/\/molojo.eu\/index.php\/author\/betzenuhya\/"},"uagb_comment_info":0,"uagb_excerpt":"O nas Adres naszej strony internetowej to: https:\/\/molojo.eu. Administrator Danych: Administratorem danych osobowych Klient\u00f3w jest firma\u00a0MOLOJO Azuquahe Ramirez Cordero\u00a0z siedzib\u0105 [&hellip;]","jetpack_sharing_enabled":true,"_links":{"self":[{"href":"https:\/\/molojo.eu\/index.php\/wp-json\/wp\/v2\/pages\/3","targetHints":{"allow":["GET"]}}],"collection":[{"href":"https:\/\/molojo.eu\/index.php\/wp-json\/wp\/v2\/pages"}],"about":[{"href":"https:\/\/molojo.eu\/index.php\/wp-json\/wp\/v2\/types\/page"}],"author":[{"embeddable":true,"href":"https:\/\/molojo.eu\/index.php\/wp-json\/wp\/v2\/users\/1"}],"replies":[{"embeddable":true,"href":"https:\/\/molojo.eu\/index.php\/wp-json\/wp\/v2\/comments?post=3"}],"version-history":[{"count":4,"href":"https:\/\/molojo.eu\/index.php\/wp-json\/wp\/v2\/pages\/3\/revisions"}],"predecessor-version":[{"id":1540,"href":"https:\/\/molojo.eu\/index.php\/wp-json\/wp\/v2\/pages\/3\/revisions\/1540"}],"wp:attachment":[{"href":"https:\/\/molojo.eu\/index.php\/wp-json\/wp\/v2\/media?parent=3"}],"curies":[{"name":"wp","href":"https:\/\/api.w.org\/{rel}","templated":true}]}}